221212 + -102?
3313221110
In base 9, what is -5 + -251641111?
-251641116
In base 12, what is 3b - -739060?
73909b
In base 10, what is -4105958 + 5?
-4105953
In base 7, what is -1064505 + -340?
-1065145
In base 11, what is 91 - 6a90?
-69aa
In base 16, what is 6f0e1fd - 4?
6f0e1f9
In base 7, what is 141 - -21654412?
21654553
In base 5, what is 2301234 + 23021?
2324310
In base 14, what is -35 + -1b1?
-206
In base 5, what is 212422323 + -1141?
212421132
In base 10, what is 548941 - 734?
548207
In base 7, what is 4 - -51216152?
51216156
In base 13, what is -285b3b71 - -5?
-285b3b69
In base 16, what is -f8 - -2c4ef?
2c3f7
In base 14, what is -160d - 1160?
-276d
In base 12, what is 210164 + 9b?
210243
In base 7, what is -2 - -34521555?
34521553
In base 5, what is -12304033 - 10?
-12304043
In base 11, what is -420092 + -34?
-420116
In base 10, what is 242 + 5517?
5759
In base 11, what is 3724 + 181?
38a5
In base 14, what is 48d274 + 142?
48d3b6
In base 5, what is 120 + -2114421?
-2114301
In base 15, what is 8de - -42b1?
4ba0
In base 11, what is -4740a6 + -210?
-474306
In base 12, what is 83711 - -7?
83718
In base 3, what is 21200202202011 + 11?
21200202202022
In base 9, what is 0 - 153808421?
-153808421
In base 3, what is 20 - -221220021122?
221220021212
In base 4, what is -3033 + -20130220?
-20133313
In base 4, what is 1101 - -21120231?
21121332
In base 8, what is -1247640 - -510?
-1247130
In base 16, what is 11 + -8f046?
-8f035
In base 6, what is -1521222 + 32450?
-1444332
In base 16, what is -51f - c3cf?
-c8ee
In base 5, what is 14123 + 201103?
220231
In base 11, what is 2644 - 616?
2029
In base 5, what is -23 + 1002413320?
1002413242
In base 5, what is 1042342 + 1000?
1043342
In base 3, what is -10110010000201 + 1000?
-10110002222201
In base 5, what is -1232324134 - 0?
-1232324134
In base 9, what is 755 + 862?
1727
In base 7, what is -2443241630 + -5?
-2443241635
In base 11, what is -9 - 1870a9?
-187107
In base 4, what is -131 - -223023110?
223022313
In base 6, what is 5 + -33522210?
-33522201
In base 11, what is 5 - 7235460?
-7235456
In base 9, what is -6887 + 11300?
3302
In base 11, what is -2482a6 + -16?
-248311
In base 3, what is 11210211110122 + -111?
11210211110011
In base 13, what is -b05aa8 + -1b?
-b05ac6
In base 5, what is -1214230324 + -332?
-1214231211
In base 5, what is -120341302 - -4143?
-120332104
In base 12, what is 47081a89 + 6?
47081a93
In base 3, what is -2120002001 - 221021?
-2121000022
In base 14, what is -a079c0ac - 0?
-a079c0ac
In base 14, what is -10 - 256cc84?
-256cc94
In base 10, what is 11173 + 246?
11419
In base 8, what is -2 - 707315?
-707317
In base 9, what is 5 - 344336758?
-344336753
In base 9, what is 7520 - 2310?
5210
In base 3, what is 202000022102112 + 0?
202000022102112
In base 11, what is 3 - -4642130?
4642133
In base 4, what is 11011 - 3310113130?
-3310102113
In base 9, what is -6760 + 202?
-6557
In base 5, what is 210112122 + 1?
210112123
In base 7, what is -2 + -21605653?
-21605655
In base 5, what is -10 + -441430141?
-441430201
In base 10, what is 31670 - -9487?
41157
In base 4, what is 3102 + 31233120?
31302222
In base 11, what is 0 + 88a15632?
88a15632
In base 12, what is 1babbaa8 - 4?
1babbaa4
In base 8, what is 1275721525 + 3?
1275721530
In base 5, what is 101402 - -103101?
210003
In base 4, what is 12333 + 1021320021?
1021333020
In base 12, what is -10a4a8 + 581?
-109b27
In base 13, what is -b7509 - 344?
-b7850
In base 10, what is 2 - -99121513?
99121515
In base 2, what is 10110101011011110110 + 100110101000?
10110110000010011110
In base 12, what is aaab8 - 20?
aaa98
In base 16, what is 5 - c069d5?
-c069d0
In base 8, what is -30115 - -1350?
-26545
In base 8, what is -16133 + -271565?
-307720
In base 16, what is -1a173df + -7?
-1a173e6
In base 9, what is -7444 - -11?
-7433
In base 3, what is 11 - -2021011120011?
2021011120022
In base 12, what is -29633 + 37?
-295b8
In base 5, what is 1410101443422 - 10?
1410101443412
In base 14, what is 0 + 309b68?
309b68
In base 15, what is bc6e2 - 301?
bc3e1
In base 11, what is 55426 - 34?
553a2
In base 16, what is -41 - 122ba6?
-122be7
In base 4, what is 3022 + 2220333230?
2221002312
In base 15, what is -b + -31ed68?
-31ed74
In base 10, what is -280951 - -3380?
-277571
In base 4, what is 22302 - -30112?
113020
In base 10, what is 133192 + -20?
133172
In base 16, what is -73f5bef - -2?
-73f5bed
In base 16, what is 684 - 1398?
-d14
In base 15, what is -b1 - 24d319?
-24d3ca
In base 8, what is 0 + -131560613?
-131560613
In base 3, what is 10110121221001220 - 0?
10110121221001220
In base 13, what is a + -b2b30?
-b2b23
In base 9, what is -351311 - -3501?
-346710
In base 11, what is 1a665 + 2665?
2221a
In base 15, what is 5 - 84da78?
-84da73
In base 8, what is -562 - 1001071?
-1001653
In base 11, what is 85a4a6 + -4?
85a4a2
In base 2, what is -100110010111000100101 - -100011?
-100110010111000000010
In base 10, what is 1269392 - 17?
1269375
In base 9, what is -4733732 + -3?
-4733735
In base 8, what is -115055737 + 5?
-115055732
In base 7, what is -54 + -5535456?
-5535543
In base 8, what is -56 - -3036106?
3036030
In base 15, what is 31d + -3d92?
-3a74
In base 12, what is -47a7 + 213?
-4594
In base 7, what is 1250621000 - -23?
1250621023
In base 5, what is -10 + -11443341141?
-11443341201
In base 15, what is -3db1 - 362?
-4223
In base 5, what is -312434001 + 1?
-312434000
In base 6, what is -440 + -311011?
-311451
In base 10, what is 187924 - 151?
187773
In base 6, what is -5 + 1111214103?
1111214054
In base 3, what is -22022212221 + 1021?
-22022211200
In base 2, what is -110011 - 1010011101101110010111010?
-1010011101101110011101101
In base 13, what is -8355 - 156?
-84ab
In base 9, what is -33075 + -838?
-34024
In base 2, what is 11001111001010100010110101 - -111?
11001111001010100010111100
In base 6, what is 4124340 + 2531?
4131311
In base 9, what is 3145 + -15738?
-12583
In base 10, what is 3027 - -6516?
9543
In base 13, what is 25 - 5786c?
-57847
In base 7, what is 13241414 + -4?
13241410
In base 12, what is 2 + -a149499?
-a149497
In base 9, what is -246002 + -32?
-246034
In base 16, what is -84fc3d - 0?
-84fc3d
In base 11, what is 1 - -3501769?
350176a
In base 8, what is 11 + -11150005?
-11147774
In base 11, what is 1307 - -186a?
3076
In base 15, what is 2c60358 - -2?
2c6035a
In base 11, what is -6a761 - -1842?
-68a1a
In base 10, what is -348 + -3069?
-3417
In base 11, what is 138203 + 25?
138228
In base 6, what is 12152 + 143000?
155152
In base 10, what is -1635360 + 3?
-1635357
In base 14, what is 8 - 419d43?
-419d39
In base 13, what is -2 + 20a5368?
20a5366
In base 12, what is -418aa0b - 3?
-418aa12
In base 7, what is 1163020 - -21?
1163041
In base 9, what is 54 + -30782531?
-30782466
In base 9, what is 445364 - 182?
445172
In base 11, what is -7a9109 + 94?
-7a9025
In base 12, what is 18295 + -663?
17832
In base 5, what is -234110401312 + 4?
-234110401303
In base 3, what is -210 + 222220020100?
222220012120
In base 15, what is 7c5 + -6c0?
105
In base 7, what is -235032 - 246?
-235311
In base 6, what is 12515 + 113?
13032
In base 8, what is 573267 - 652?
572415
In base 12, what is -220389 + -79?
-220446
In base 5, what is 2114 + 11302313?
11304432
In base 11, what is -57699a306 - -2?
-57699a304
In base 5, what is 13231314 + -24?
13231240
In base 11, what is 6 + -5034017?
-5034011
In base 16, what is 40a + e901?
ed0b
In base 9, what is 24520 + 1621?
26241
In base 9, what is -13074 - 68744?
-82828
In base 16, what is -103b - -3060?
2025
In base 14, what is 1d - 127413?
-1273d4
In base 13, what is -4401bc6 - 1?
-4401bc7
In base 2, what is -1000000 - -10010011111000100?
10010011110000100
In base 11, what is -2 - 40681675?
-40681677
In base 13, what is 0 + -144b45?
-144b45
In base 11, what is -167a768 + 12?
-167a756
In base 5, what is -123342 + 144022?
20130
In base 10, what is 265 + -14056?
-13791
In base 8, what is -4 + 567716?
567712
In base 8, what is -13170 + -34530?
-47720
In base 4, what is -10112 - -1233133113?
1233123001
In base 12, what is -174b3a + 67?
-174a93
In base 3, what is -1 + -2200220110222010?
-2200220110222011
In base 5, what is -123240402 - -23?
-123240324
In base 2, what is -111100010100101 - 1111010110?
-111110001111011
In base 5, what is 10 + 